 374 - 355. Give y(o).
5
Let w(u) = 21*u**2 + 5 - 4 - 22*u**2 - 7*u. Let c(r) = 2*r + 5. Let f be c(-6). Determine w(f).
1
Let a = -4 + 4. Suppose -3*j + a*j = 18. Let m(n) be the third derivative of -n**6/120 - 7*n**5/60 - 5*n**4/24 + 5*n**3/6 + n**2 - 2. What is m(j)?
-1
Let g(t) = -204. Let v(w) = -w - 102. Let k(b) = -4*g(b) + 9*v(b). Determine k(-12).
6
Let g(v) = v**3 - 8*v**2. Let y(p) = -5*p - 2. Let c be y(-2). Suppose c = 3*x - 16. What is g(x)?
0
Let o be 4/(-6) + 3/(-9). Let f(t) = -3. Let x(c) = 11 - c + 7 - 22. Let w(n) = 5*f(n) - 4*x(n). Give w(o).
-3
Let a = -117 + 165. Suppose -a = -28*m + 22*m. Let d(k) = k**3 - 7*k**2 - 8*k + 4. Calculate d(m).
4
Let d be (6/(-9))/(34/(-51)). Let a(b) = 5*b**3 - b**2 + 2*b - 1. Give a(d).
5
Let s(a) = 23*a**2 - a - 1. Let i(f) = f. Let k(c) = 2*i(c) + s(c). What is k(1)?
23
Suppose 2*h + 4*o = 3*h + 12, 4*o - 12 = 0. Let d be h/2*(-5)/15. Let k(f) be the second derivative of f**4/12 - f**2 - 2*f. Determine k(d).
-2
Let w(j) = 3*j + 2. Let p = -150 + 163. Suppose -3*f - 112 = p*f. What is w(f)?
-19
Let g(u) be the third derivative of -u**4/4 - 2*u**3 + u**2. Let x(w) = 2*w + 4. Let m(i) = 3*g(i) + 8*x(i). Let d be (1/(-2))/(2/20). What is m(d)?
6
Suppose -13*k = -4*w - 18*k - 5, -2*w - 13 = -k. Let o(u) = -u**2 - 4*u - 1. Let g(z) = z**2 + 4*z. Let i(r) = 2*g(r) + 3*o(r). Give i(w).
-8
Let n(s) = -13 - 10 + 18 - s - 2. What is n(-6)?
-1
Let l(d) = -7*d + 7*d**2 - 6*d**2 - 211 + 216 + 4*d. Suppose -4*v + 20 = -0*v. Give l(v).
15
Let n = 3 + -1. Let j(t) = 2 - 13*t + 8*t - 2*t**n + t**3 + t**2. Let p be 34/17*3/2. Give j(p).
5
Let r(v) = -v**2 - 2*v + 3. Let d(o) = -o**2 - 2*o + 3. Let c(s) = 4*d(s) - 5*r(s). Determine c(-3).
0
Let c(m) = m**3 - 14*m**2 + m - 2. Let q(n) = -9*n**3 - 2 + 17*n**3 + n - 7*n**3 - 13*n**2. Let r(f) = -4*c(f) + 5*q(f). Give r(9).
7
Let g(l) = -11*l**2 + 0*l + 2*l - l. Suppose 23*v + 26 = -3*v. What is g(v)?
-12
Let h(f) be the second derivative of 1/2*f**2 - 10*f + 0 - 1/12*f**4 + 0*f**3. What is h(-3)?
-8
Let r(v) = -13*v. Suppose 0 = 203*w - 206*w - 3. Calculate r(w).
13
Suppose -2*k + 14 = -9*k. Let f(h) = h - 7. Let b(z) = 4*z - 29. Let j(a) = k*b(a) + 9*f(a). What is j(-4)?
-9
Let x(i) = i**3 - 412*i**2 - 7*i + 823*i**2 - 410*i**2. Give x(-3).
3
Let l(q) = -2*q - 23*q + 0*q + 4 + 21*q. Give l(3).
-8
Let f(z) = z**3 - 11*z**2 - 28*z + 1. Let t(x) = 3*x**3 - 34*x**2 - 89*x + 4. Let i(a) = -19*f(a) + 6*t(a). Suppose -2*k = -k - 11. Let v = k - 6. What is i(v)?
-5
Let q(i) = -2*i + 2. Let a = -14 - -37. Suppose -w = -b + 3*w + a, 3*b + 3*w = -6. Give q(b).
-4
Let y(g) = 8*g**2 - 2*g + 1. Suppose -u - 14 = -4. Let n be (-30)/(-26) - u/(-65). Determine y(n).
7
Let x = 193 + -191. Let b(s) = 2*s**3 - 2*s**2 - 2*s + 2. Calculate b(x).
6
Let w(t) = -8 + 6 - 3*t**2 + 3 + 4. Calculate w(-4).
-43
Let t(j) be the third derivative of j**6/120 - 2*j**5/15 + j**4/3 - 3*j**3/2 + 3*j**2. Suppose 36*o - 196 = 8*o. Determine t(o).
-2
Let g be ((-2)/4)/(-2 + (-204)/(-104)). Let y(w) = 8 - g - 3*w - w + 10. What is y(9)?
-31
Let z(t) = -4*t + 10. Let r(p) = 3*p - 7. Let w(h) = 7*r(h) + 6*z(h). Calculate w(8).
-13
Let l = 7143 + -7142. Let q be (-1 + 5)/(1/1). Let n(x) = -q*x + 4*x + 7*x. Determine n(l).
7
Let p(o) = -3*o + 5*o - 2 - o. Let r be p(3). Let b(i) be the first derivative of -5*i**2/2 + i - 132. Calculate b(r).
-4
Let d(u) = -u**3 + 5*u**2 + 9*u - 1. Let b be ((-24)/(-10))/(9/45) - 6. Calculate d(b).
17
Let p(r) = -929 + r**3 - r**2 - 2*r - 927 + 1853. Give p(-2).
-11
Let k(a) = -3*a - 2. Let m = -516 - -522. Calculate k(m).
-20
Let b(j) = -j**3 + 5*j**2 - 4*j + 1. Let y(q) = 21*q**3 - 2*q**2 + q. Let a be y(1). Suppose -9*k = -4*k - a. Determine b(k).
1
Let a(x) = -x - 13. Let q(p) = -p - 1. Let r(n) = -a(n) + 4*q(n). What is r(6)?
-9
Suppose q + 12 = -2*q. Let c(g) = 3*g**2 - g + 5. Let u(l) = 4*l**2 - 2*l + 7. Let z(o) = -7*c(o) + 5*u(o). Calculate z(q).
-4
Let z(u) = -5*u**2 + 3 - 837*u**3 - 2 + 838*u**3. Suppose 3*t - 20 = -5. What is z(t)?
1
Let f be 21 - 20 - (0 - -1). Suppose 2 = -p + q + 3, f = -4*p - 2*q - 20. Let x(r) = r - 3. What is x(p)?
-6
Let w = 1 + -8. Let h(q) = 7 - 16 + 0*q + 3*q**3 - 7*q + 2*q**3 + 6*q**2. Let y(v) = -6*v**3 - 7*v**2 + 8*v + 10. Let m(k) = w*h(k) - 6*y(k). Give m(0).
3
Let d(p) be the second derivative of -p**3/6 + 3*p**2 + p. Let y(o) = 12*o + 450. Let b be y(-37). Let t be d(b). Let l(s) = s**2 + 6. Calculate l(t).
6
Let d(r) = r - 14. Suppose 0 = 7*l - 135 + 65. Determine d(l).
-4
Suppose 3*b - 2*v = 16, v - 6*v - 7 = -2*b. Let q(s) be the second derivative of 0 - b*s + 7/2*s**2 - s**3 + 5/12*s**4 + 1/20*s**5. What is q(-6)?
7
Suppose -88*h = -82*h. Let i(n) = n**3 + n**2 + 2*n. Give i(h).
0
Suppose 0 = 2*a + 4, -2*t - 3*a = -0*t - 16. Let x(h) = -9*h + 0*h**2 + t + 10*h - h**2 + 0*h. Give x(0).
11
Let x(r) be the second derivative of r**4/12 + 11*r**3/6 + r**2/2 + 21*r + 3. Determine x(-11).
1
Let q(u) = -1 + 3*u - 2*u**3 - 2*u**2 - 2*u + 0*u**2. Let h be 10/(-4)*2/(-5). Let w be (h - 2)/3*6. Determine q(w).
5
Let p(d) = 4*d**3 + 4*d**2 + 2*d - 1. Let y(z) = 11*z**3 + 12*z**2 + 5*z - 4. Let u(k) = 8*p(k) - 3*y(k). What is u(-3)?
-8
Let o(b) = -2*b**3 + 11*b**2 + 6*b + 30. Let z(n) = n**3 - 11*n**2 - 8*n - 28. Let t(c) = 2*o(c) + 3*z(c). What is t(-10)?
-4
Let z be -1*1 + (14 - 2). Let d(y) = -y**3 + 11*y**2 + 7. Let h be d(z). Let t = h + -5. Let c(v) = -v**3 + v**2 - 3*v + 1. Give c(t).
-9
Let v(t) = -5 - 2 - 2 + 9*t - 210*t**2 + 209*t**2 + 3. What is v(7)?
8
Let h(j) be the second derivative of -j**4/6 + j**3/2 - 5*j**2/2 + 7*j + 3. Calculate h(4).
-25
Let d = 5 - 0. Let n(a) = 7 + 12 + 8*a + 19 - 9*a - 42. Determine n(d).
-9
Let i(n) be the second derivative of n**5/20 + 7*n**4/6 + 11*n**3/6 - 19*n**2/2 + n - 221. Give i(-13).
7
Let c(v) = -5*v**2 + 438*v + 4*v**2 - 3 - 428*v. Calculate c(8).
13
Let p(i) = 142*i + 709. Let l be p(-5). Let b(u) be the second derivative of -4*u**4/3 + u**3/3 + u**2/2 - u. Calculate b(l).
-17
Let r(h) = -2*h + 4. Let o(c) = -2*c - 21. Let m be o(-15). Suppose 3*l - m = 3. What is r(l)?
-4
Let u(w) = w**3 - w - 1. Let h be u(2). Let v(s) = 4*s**3 + s**3 + h - 6*s**2 - 4*s**3. Suppose 3*z - 26 = -5*f + 12, -5*z - 3*f + 42 = 0. What is v(z)?
5
Let i(z) = -z**3 + 4*z**2 - z + 1. Let t(a) = -2*a**3 + 5*a**2 - 3*a. Let n(h) = -3*i(h) + 2*t(h). What is n(-2)?
3
Let d(h) = -h**3 - 3*h**2 + 4*h + 3. Let v = 14 + 7. Let a = v - 25. Give d(a).
3
Let c(f) = f**3 + 4*f**2 + f + 1. Suppose 4*t = 91 - 111. Calculate c(t).
-29
Suppose 52*p + 468 = -0*p. Let a(z) = 2*z + 28. Give a(p).
10
Suppose 5*n + 0*n = -10. Let w be -2 - 2/(n/3). Let l(u) = -3*u - w + u**2 + 0 - 3 - 1. What is l(5)?
5
Let r(m) = -4*m - 2*m + 5*m. Let n(x) = 5*x + 1. Let d(j) = 2*n(j) + 11*r(j). What is d(-5)?
7
Suppose 0 = -2*m + 2*c + 64, m + 2*c = -3*c + 50. Let y = -58 + m. Let r = 17 + y. Let b(i) = -i - 12. Calculate b(r).
-6
Let w(c) = -3*c - 9. Let b = 363 - 369. What is w(b)?
9
Suppose -16 + 20 = y. Let z be y - (-1 + -4 + 10). Let x(f) = 2*f**3 + 2*f + 1. Give x(z).
-3
Let w = 207 - 213. Let p(f) = 5*f**2 - 21*f + 8. Let d(x) = x**2 - 5*x + 2. Let t(u) = 9*d(u) - 2*p(u). Give t(w).
-16
Let b(h) = -h**2 + 4*h. Suppose -3*s + 7*q + 15 = 8*q, -4 = -4*s + 4*q. Let n be 2/(-2) - (-8)/2. Suppose -n*a = 2*t + 2*t - 7, -3*t = s*a - 14. Calculate b(a).
-5
Let s(o) be the first derivative of -3*o**2 + 27. Let q be s(0). Let g(w) = w + 1. What is g(q)?
1
Let g(s) = 3*s**2 - 11*s. Let d(p) = 7*p**2 - 23*p. Let i(r) = -4*d(r) + 9*g(r). Let y be (-5)/10*(16 - 2). Calculate i(y).
0
Let k = -10 - -14. Let d(b) = -b**3 - 159785 + 3*b**2 + b**2 + 159786. Give d(k).
1
Let w be (0 + 36/(-8))/((-1)/2). Let m(p) = 3*p + w - 9. Calculate m(4).
12
Let q be (-210)/(-60)*(-2)/(-1). Let k be 10/35 - 44/q. Let v(i) = i + 2. Give v(k).
-4
Suppose -4*b - g + 17 = 4, -5*b + 35 = -5*g. Let x be 2 - ((-2 - 1) + 2). Let r(u) = -12 + x - u + 2*u. Calculate r(b).
-5
Suppose -5*q + 603 = 223. Suppose 3*u = -u + q. Suppose u*h - 20*h = 0. Let x(z) = z**3 - z**2 + z - 14. What is x(h)?
-14
Suppose 0*b - 4*t = -3*b - 4, 0 = -b - 4*t - 12. Let l be (-7 + -3)/(b/(-2)). Let r(z) = -z**2 - 4*z + 7. Calculate r(l).
2
Let y(j) = -j - 12. Let r be y(-12). Let g(d) = -d**3 - 